is the greatest common divisor of 236 and 177?
59
Calculate the greatest common divisor of 27 and 81.
27
What is the greatest common divisor of 40 and 48?
8
What is the greatest common divisor of 207 and 18?
9
Calculate the greatest common divisor of 96 and 208.
16
What is the highest common divisor of 168 and 408?
24
Calculate the highest common divisor of 330 and 1210.
110
Calculate the highest common divisor of 52 and 2249.
13
What is the highest common divisor of 673 and 2?
1
Calculate the greatest common factor of 178 and 54468.
178
Calculate the highest common factor of 35 and 595.
35
What is the highest common factor of 1196 and 368?
92
Calculate the greatest common divisor of 7 and 5.
1
What is the highest common divisor of 108 and 36?
36
What is the greatest common factor of 14 and 2950?
2
Calculate the highest common divisor of 1800 and 255.
15
Calculate the highest common divisor of 2 and 4166.
2
Calculate the greatest common factor of 30 and 2775.
15
Calculate the highest common divisor of 2506 and 14.
14
Calculate the greatest common divisor of 280 and 6580.
140
Calculate the greatest common factor of 376 and 6862.
94
What is the highest common divisor of 1080 and 5832?
216
What is the greatest common factor of 416 and 1144?
104
What is the highest common factor of 21 and 291?
3
What is the highest common factor of 27 and 24?
3
Calculate the greatest common divisor of 10310 and 20.
10
What is the greatest common divisor of 242 and 22?
22
What is the highest common divisor of 2788 and 2132?
164
What is the highest common divisor of 20 and 20?
20
Calculate the highest common divisor of 3 and 141.
3
Calculate the greatest common divisor of 21 and 111.
3
Calculate the greatest common divisor of 70 and 14.
14
What is the greatest common divisor of 228 and 30?
6
What is the highest common factor of 14 and 8?
2
Calculate the greatest common divisor of 390 and 110.
10
What is the greatest common divisor of 70 and 49?
7
Calculate the greatest common divisor of 236 and 1534.
118
What is the highest common divisor of 33242 and 66?
22
Calculate the highest common divisor of 10 and 370.
10
Calculate the greatest common factor of 14 and 14.
14
What is the highest common factor of 507 and 33?
3
Calculate the highest common divisor of 98 and 112.
14
What is the greatest common factor of 18 and 186?
6
Calculate the highest common divisor of 84 and 48.
12
Calculate the highest common factor of 3 and 186.
3
What is the greatest common factor of 18 and 48?
6
What is the greatest common divisor of 62 and 31?
31
What is the greatest common divisor of 442 and 510?
34
What is the highest common factor of 125 and 350?
25
Calculate the highest common divisor of 93 and 66960.
93
Calculate the greatest common factor of 10 and 6.
2
What is the greatest common divisor of 522 and 754?
58
Calculate the greatest common divisor of 352 and 26752.
352
What is the highest common divisor of 1972 and 261?
29
What is the highest common divisor of 90 and 5595?
15
Calculate the highest common factor of 114 and 48.
6
What is the greatest common factor of 80 and 280?
40
Calculate the greatest common factor of 177 and 295.
59
Calculate the highest common divisor of 77 and 60137.
77
Calculate the greatest common divisor of 240 and 135.
15
What is the greatest common factor of 785 and 45?
5
Calculate the highest common factor of 14 and 7994.
14
What is the highest common divisor of 256 and 544?
32
What is the greatest common divisor of 195 and 480?
15
Calculate the greatest common factor of 104 and 1144.
104
Calculate the greatest common divisor of 5632 and 22.
22
Calculate the highest common divisor of 67 and 14271.
67
What is the highest common factor of 19779 and 57?
57
What is the highest common factor of 10 and 3270?
10
What is the greatest common divisor of 12 and 8796?
12
What is the greatest common divisor of 320 and 10?
10
Calculate the highest common factor of 469 and 402.
67
Calculate the greatest common divisor of 656 and 15498.
82
Calculate the greatest common divisor of 28 and 978.
2
What is the highest common divisor of 11 and 583?
11
What is the highest common factor of 13 and 390?
13
What is the highest common divisor of 984 and 615?
123
Calculate the greatest common factor of 10 and 28.
2
What is the highest common divisor of 12 and 15?
3
Calculate the greatest common divisor of 28 and 553.
7
What is the greatest common factor of 99 and 9?
9
Calculate the greatest common factor of 40 and 260.
20
What is the highest common factor of 1755 and 90?
45
What is the highest common factor of 7626 and 164?
82
Calculate the greatest common factor of 50 and 80.
10
Calculate the highest common factor of 10 and 758.
2
What is the greatest common factor of 4624 and 5712?
272
Calculate the greatest common divisor of 1225 and 637.
49
What is the highest common divisor of 483 and 69?
69
What is the greatest common factor of 33 and 3575?
11
What is the greatest common divisor of 468 and 2925?
117
What is the highest common divisor of 665 and 35?
35
Calculate the greatest common factor of 2747 and 201.
67
What is the highest common divisor of 1 and 49?
1
Calculate the highest common divisor of 55 and 165.
55
What is the greatest common factor of 6345 and 47?
47
Calculate the highest common factor of 855 and 135.
45
Calculate the highest common factor of 252 and 147.
21
Calculate the greatest common factor of 484 and 583.
11
What is the greatest common factor of 120 and 90?
30
What is the highest common divisor of 6 and 702?
6
What is the highest common factor of 7 and 1099?
7
Calculate the highest common factor of 182 and 78.
26
Calculate the greatest common divisor of 244 and 61.
61
What is the highest common divisor of 120 and 2920?
40
Calculate the highest common factor of 109656 and 72.
72
Calculate the greatest common factor of 18 and 9.
9
Calculate the highest common factor of 3198 and 861.
123
What is the greatest common factor of 103 and 3?
1
What is the greatest common factor of 1140 and 6?
6
What is the highest common factor of 10 and 2335?
5
What is the highest common divisor of 36 and 1476?
36
Calculate the highest common divisor of 275 and 125.
25
Calculate the greatest common divisor of 17098 and 206.
206
Calculate the highest common factor of 42 and 896.
14
Calculate the greatest common divisor of 10065 and 61.
61
Calculate the greatest common factor of 89 and 34621.
89
Calculate the greatest common divisor of 512 and 8.
8
Calculate the greatest common divisor of 81 and 9.
9
Calculate the highest common factor of 28 and 6.
2
What is the highest common divisor of 10 and 70?
10
Calculate the highest common factor of 219 and 3.
3
What is the highest common factor of 56 and 3752?
56
Calculate the greatest common divisor of 106 and 265.
53
What is the highest common factor of 690 and 12?
6
What is the highest common factor of 135 and 54?
27
What is the greatest common divisor of 128 and 3136?
64
What is the greatest common factor of 80 and 70?
10
Calculate the highest common factor of 104 and 7800.
104
What is the greatest common factor of 6 and 14?
2
Calculate the greatest common divisor of 54 and 5238.
54
Calculate the greatest common divisor of 40 and 12720.
40
Calculate the highest common factor of 1055 and 15.
5
Calculate the greatest common factor of 742 and 28.
14
Calculate the greatest common divisor of 17 and 918.
17
What is the greatest common factor of 620 and 20?
20
Calculate the greatest common divisor of 3192 and 1848.
168
What is the highest common factor of 729 and 81?
81
Calculate the highest common divisor of 2850 and 190.
190
Calculate the greatest common factor of 546 and 70.
14
Calculate the greatest common divisor of 748 and 238.
34
Calculate the greatest common factor of 16 and 392.
8
What is the highest common divisor of 19 and 475?
19
What is the greatest common factor of 284 and 639?
71
What is the highest common divisor of 45 and 6015?
15
Calculate the highest common factor of 39 and 923.
13
What is the greatest common divisor of 1192 and 8?
8
What is the greatest common factor of 2000 and 80?
80
What is the greatest common divisor of 12814 and 1192?
298
What is the highest common factor of 13 and 403?
13
What is the highest common fact